{"id":2419,"date":"2020-04-02T14:26:48","date_gmt":"2020-04-02T12:26:48","guid":{"rendered":"https:\/\/deniscourtiade.fr\/?page_id=2419"},"modified":"2020-04-04T09:34:01","modified_gmt":"2020-04-04T07:34:01","slug":"savoir-etre-transmettre","status":"publish","type":"page","link":"https:\/\/deniscourtiade.fr\/index.php\/savoir-etre-transmettre\/","title":{"rendered":"Savoir, \u00catre &#038; Transmettre"},"content":{"rendered":"<p>[vc_row wrap_container=&#8221;yes&#8221; el_class=&#8221;pb-5 overflow-hidden&#8221;][vc_column el_class=&#8221;mx-md-auto&#8221; animation_type=&#8221;maskUp&#8221;]<h2 class=\"word-rotator slide short m-t-xxl\" style=\"font-size:32px;line-height:46px;text-align:center;\" data-plugin-options=\"{'waittime': 2500, 'pauseOnHover': false}\"><span class=\"word-rotator-items has-bg\" style=\"font-family:&#039;Open Sans&#039;;color:#ffffff;background:#b36700;\"><b class=\"active\">Savoir<\/b><b>\u00catre<\/b><b>&amp; Transmettre<\/b><\/span><\/h2>[vc_column_text css_animation=&#8221;none&#8221; el_class=&#8221;text-center&#8221;]Les trois leviers de l&#8217;\u00e9panouissement qui m\u00e8nent \u00e0 la r\u00e9ussite &#8230;[\/vc_column_text]<div class=\"porto-testimonial wpb_content_element \" data-appear-animation=\"maskUp\"><div class=\"testimonial\"><blockquote><p>Le beau geste, c&#8217;est celui qui est si absolument juste, si pr\u00e9cis, si parfait, qu&#8217;on le croit facile, oubliant la somme de pratique, de connaissance et d&#8217;intuition dont il est le signe<\/p><\/blockquote><div class=\"testimonial-arrow-down\"><\/div><div class=\"testimonial-author clearfix\"><div class=\"testimonial-author-thumbnail\"><img decoding=\"async\" src=\"https:\/\/deniscourtiade.fr\/wp-content\/uploads\/2020\/04\/vanessa-gault.jpeg\" alt=\"Vanessa Gault\" class=\"img-circle\"><\/div><p><strong>Vanessa Gault<\/strong><span><\/span><\/p><\/div><\/div><\/div>[\/vc_column][\/vc_row][vc_row wrap_container=&#8221;yes&#8221; is_section=&#8221;yes&#8221; remove_margin_top=&#8221;yes&#8221; remove_margin_bottom=&#8221;yes&#8221; remove_border=&#8221;yes&#8221; el_class=&#8221;p-t-xxl row-align-items-center&#8221;][vc_column offset=&#8221;vc_col-md-6&#8243; el_class=&#8221;pr-lg-5 mb-sm-5 mb-lg-0&#8243;][vc_custom_heading text=&#8221;Savoir&#8221; font_container=&#8221;tag:h2|font_size:25|text_align:left|line_height:1&#8243; use_theme_fonts=&#8221;yes&#8221; el_class=&#8221;mb-3&#8243;][vc_column_text]<\/p>\n<p style=\"text-align: justify;\">&#8230;savoir-faire, savoir \u00eatre, savoir \u00e9couter, savoir respecter, savoir donner, savoir se remettre en question&#8230;Tous ces savoirs et bien d&#8217;autres, sont les bases du savoir-vivre \u00e0 la fran\u00e7aise. C&#8217;est en m&#8217;appuyant sur ce savoir-vivre, que j&#8217;exprime ma philosophie au quotidien en veillant \u00e0 l&#8217;\u00e9quilibre et \u00e0 l&#8217;harmonie dans les interactions entre mes h\u00f4tes et mes collaborateurs.<\/p>\n<p style=\"text-align: justify;\">Je pense \u00eatre devenu un Manager et un Leader accompli.<\/p>\n<p>[\/vc_column_text][\/vc_column][vc_column width=&#8221;1\/2&#8243; offset=&#8221;vc_col-md-offset-2 vc_col-md-4 vc_col-sm-offset-4&#8243; el_class=&#8221;col-sm-8 offset-sm-5 mt-sm-5 pt-sm-5&#8243;][vc_single_image image=&#8221;2591&#8243; img_size=&#8221;&#8221; animation_delay=&#8221;300&#8243; css_animation=&#8221;none&#8221; el_class=&#8221;position-absolute d-none d-sm-block&#8221; css=&#8221;.vc_custom_1585927502353{margin-top: 10% !important;margin-left: -54% !important;}&#8221; animation_type=&#8221;zoomIn&#8221;][vc_single_image image=&#8221;2633&#8243; img_size=&#8221;&#8221; animation_delay=&#8221;100&#8243; el_class=&#8221;position-absolute d-none d-sm-block&#8221; css=&#8221;.vc_custom_1585927494480{margin-top: -26% !important;margin-left: -33% !important;}&#8221; animation_type=&#8221;zoomIn&#8221;][\/vc_column][\/vc_row][vc_row wrap_container=&#8221;yes&#8221; el_class=&#8221;pb-5 overflow-hidden&#8221;][vc_column width=&#8221;1\/3&#8243; el_class=&#8221;mx-md-auto&#8221; animation_type=&#8221;maskUp&#8221; css=&#8221;.vc_custom_1585828910449{margin-top: 20px !important;}&#8221;]<div class=\"porto-testimonial wpb_content_element \"><div class=\"testimonial\"><blockquote><p>Nous pensons que nous voyons le monde tel qu&#8217;il est, alors qu&#8217;en fait, nous voyons le monde tel que nous sommes<\/p><\/blockquote><div class=\"testimonial-arrow-down\"><\/div><div class=\"testimonial-author clearfix\"><div class=\"testimonial-author-thumbnail\"><img decoding=\"async\" src=\"https:\/\/deniscourtiade.fr\/wp-content\/uploads\/2020\/04\/Stephen-R-Covey-150x150.jpg\" alt=\"Stephen R. Covey\" class=\"img-circle\"><\/div><p><strong>Stephen R. Covey<\/strong><span>Ecrivain<\/span><\/p><\/div><\/div><\/div>[\/vc_column][vc_column width=&#8221;1\/3&#8243;][\/vc_column][vc_column width=&#8221;1\/3&#8243;][\/vc_column][\/vc_row][vc_row wrap_container=&#8221;yes&#8221; is_section=&#8221;yes&#8221; remove_margin_top=&#8221;yes&#8221; remove_margin_bottom=&#8221;yes&#8221; remove_border=&#8221;yes&#8221; el_class=&#8221;p-t-xxl row-align-items-center&#8221;][vc_column offset=&#8221;vc_col-md-6&#8243; el_class=&#8221;pr-lg-5 mb-sm-5 mb-lg-0&#8243;][vc_custom_heading text=&#8221;\u00catre&#8221; font_container=&#8221;tag:h2|font_size:25|text_align:left|line_height:1&#8243; use_theme_fonts=&#8221;yes&#8221; el_class=&#8221;mb-3&#8243;][vc_column_text]<\/p>\n<p style=\"text-align: justify;\">-Accueil chaleureux, service g\u00e9n\u00e9reux- Ma personnalit\u00e9 professionnelle, je l&#8217;ai construite en observant mes a\u00efeuls. De ces \u00ab anciens \u00bb, j&#8217;ai acquis toutes les bases de mon m\u00e9tier. Et de ce savoir-faire, j&#8217;ai d\u00e9velopp\u00e9 mon savoir \u00eatre acc\u00e8s sur des valeurs comme : la bienveillance, la tol\u00e9rance, le plaisir, l&#8217;humour, la g\u00e9n\u00e9rosit\u00e9, le respect, l&#8217;honn\u00eatet\u00e9, la loyaut\u00e9, la rigueur, la performance&#8230;<\/p>\n<p>[\/vc_column_text][\/vc_column][vc_column width=&#8221;1\/2&#8243; offset=&#8221;vc_col-md-offset-2 vc_col-md-4 vc_col-sm-offset-4&#8243; el_class=&#8221;col-sm-8 offset-sm-5 mt-sm-5 pt-sm-5&#8243;][vc_single_image image=&#8221;2642&#8243; img_size=&#8221;&#8221; animation_delay=&#8221;100&#8243; el_class=&#8221;position-absolute d-none d-sm-block&#8221; css=&#8221;.vc_custom_1585927201755{margin-top: -26% !important;margin-left: -33% !important;}&#8221; animation_type=&#8221;zoomIn&#8221;][vc_single_image image=&#8221;2645&#8243; img_size=&#8221;&#8221; animation_delay=&#8221;600&#8243; el_class=&#8221;position-relative mb-0&#8243; animation_type=&#8221;zoomIn&#8221;][\/vc_column][\/vc_row][vc_row wrap_container=&#8221;yes&#8221; el_class=&#8221;pb-5 overflow-hidden&#8221; css=&#8221;.vc_custom_1585829956693{margin-top: 20px !important;}&#8221;][vc_column width=&#8221;1\/3&#8243; el_class=&#8221;mx-md-auto&#8221; animation_type=&#8221;maskUp&#8221; css=&#8221;.vc_custom_1585828910449{margin-top: 20px !important;}&#8221;]<div class=\"porto-testimonial wpb_content_element \"><div class=\"testimonial\"><blockquote><p>Un bon exemple, est un exemple \u00e0 suivre !<\/p><\/blockquote><div class=\"testimonial-arrow-down\"><\/div><div class=\"testimonial-author clearfix\"><div class=\"testimonial-author-thumbnail\"><img decoding=\"async\" src=\"https:\/\/deniscourtiade.fr\/wp-content\/uploads\/2020\/04\/Denis-150x150.jpg\" alt=\"Denis Courtiade\" class=\"img-circle\"><\/div><p><strong>Denis Courtiade<\/strong><span><\/span><\/p><\/div><\/div><\/div>[\/vc_column][vc_column width=&#8221;1\/3&#8243; animation_type=&#8221;maskUp&#8221;]<div class=\"porto-testimonial wpb_content_element \"><div class=\"testimonial\"><blockquote><p>Une \u00e2me peut se dire g\u00e9n\u00e9reuse, quand elle prend plus de plaisir \u00e0 donner qu&#8217;\u00e0 recevoir<\/p><\/blockquote><div class=\"testimonial-arrow-down\"><\/div><div class=\"testimonial-author clearfix\"><div class=\"testimonial-author-thumbnail\"><img decoding=\"async\" src=\"https:\/\/deniscourtiade.fr\/wp-content\/uploads\/2020\/04\/chevalier-de-mere-150x150.jpg\" alt=\"Chevalier de M\u00e9r\u00e9\" class=\"img-circle\"><\/div><p><strong>Chevalier de M\u00e9r\u00e9<\/strong><span><\/span><\/p><\/div><\/div><\/div>[\/vc_column][vc_column width=&#8221;1\/3&#8243; animation_type=&#8221;maskUp&#8221;]<div class=\"porto-testimonial wpb_content_element \"><div class=\"testimonial\"><blockquote><p>L&#8217;homme honorable commence par appliquer ce qu&#8217;il veut enseigner ; ensuite il enseigne<\/p><\/blockquote><div class=\"testimonial-arrow-down\"><\/div><div class=\"testimonial-author clearfix\"><div class=\"testimonial-author-thumbnail\"><img decoding=\"async\" src=\"https:\/\/deniscourtiade.fr\/wp-content\/uploads\/2020\/04\/confucius-150x150.jpg\" alt=\"Confucius\" class=\"img-circle\"><\/div><p><strong>Confucius<\/strong><span><\/span><\/p><\/div><\/div><\/div>[\/vc_column][\/vc_row][vc_row wrap_container=&#8221;yes&#8221; is_section=&#8221;yes&#8221; remove_margin_top=&#8221;yes&#8221; remove_margin_bottom=&#8221;yes&#8221; remove_border=&#8221;yes&#8221; el_class=&#8221;p-t-xxl row-align-items-center&#8221;][vc_column offset=&#8221;vc_col-md-6&#8243; el_class=&#8221;pr-lg-5 mb-sm-5 mb-lg-0&#8243;][vc_custom_heading text=&#8221;&amp; Transmettre&#8221; font_container=&#8221;tag:h2|font_size:25|text_align:left|line_height:1&#8243; use_theme_fonts=&#8221;yes&#8221; el_class=&#8221;mb-3&#8243;][vc_column_text]<\/p>\n<p style=\"text-align: justify;\">La transmission et le partage de notre savoir sont essentiels \u00e0 notre d\u00e9veloppement professionnel et personnel. J&#8217;accorde donc une importance particuli\u00e8re \u00e0 la formation de mes collaborateurs. J&#8217;aime extraire, de chacun d&#8217;entre eux, ce que moi j&#8217;appelle la beaut\u00e9 int\u00e9rieure. Je pars du principe suivant : -quand je forme, j&#8217;apprends !- Dans la transmission, les valeurs humaines et professionnelles qui me sont ch\u00e8res sont l&#8217;\u00e9coute, la compr\u00e9hension, la participation, la solidarit\u00e9, la gestuelle r\u00e9p\u00e9t\u00e9e, le d\u00e9veloppement personnel, le devoir de r\u00e9ussite.<\/p>\n<p>[\/vc_column_text][\/vc_column][vc_column width=&#8221;1\/2&#8243; offset=&#8221;vc_col-md-offset-2 vc_col-md-4 vc_col-sm-offset-4&#8243; el_class=&#8221;col-sm-8 offset-sm-5 mt-sm-5 pt-sm-5&#8243;][vc_single_image image=&#8221;2600&#8243; img_size=&#8221;&#8221; animation_delay=&#8221;100&#8243; el_class=&#8221;position-absolute d-none d-sm-block&#8221; css=&#8221;.vc_custom_1585927325444{margin-top: -26% !important;margin-left: -33% !important;}&#8221; animation_type=&#8221;zoomIn&#8221;][vc_single_image image=&#8221;2624&#8243; img_size=&#8221;&#8221; animation_delay=&#8221;600&#8243; el_class=&#8221;position-relative mb-0&#8243; animation_type=&#8221;zoomIn&#8221;][\/vc_column][\/vc_row][vc_row wrap_container=&#8221;yes&#8221; el_class=&#8221;pb-5 overflow-hidden&#8221; css=&#8221;.vc_custom_1585830067609{margin-top: 20px !important;}&#8221;][vc_column width=&#8221;1\/2&#8243; el_class=&#8221;mx-md-auto&#8221; animation_type=&#8221;maskUp&#8221; css=&#8221;.vc_custom_1585828910449{margin-top: 20px !important;}&#8221;]<div class=\"porto-testimonial wpb_content_element \"><div class=\"testimonial\"><blockquote><p>Quel bonheur de redonner du sens \u00e0 ma profession en indiquer le chemin aux plus jeunes<\/p><\/blockquote><div class=\"testimonial-arrow-down\"><\/div><div class=\"testimonial-author clearfix\"><div class=\"testimonial-author-thumbnail\"><img decoding=\"async\" src=\"https:\/\/deniscourtiade.fr\/wp-content\/uploads\/2020\/04\/Denis-150x150.jpg\" alt=\"Denis Courtiade\" class=\"img-circle\"><\/div><p><strong>Denis Courtiade<\/strong><span><\/span><\/p><\/div><\/div><\/div>[\/vc_column][vc_column width=&#8221;1\/2&#8243; el_class=&#8221;mx-md-auto&#8221; animation_type=&#8221;maskUp&#8221;]<div class=\"porto-testimonial wpb_content_element \"><div class=\"testimonial\"><blockquote><p>Apprendre, comprendre et transmettre\u2026 C&#8217;est exist\u00e9<\/p><\/blockquote><div class=\"testimonial-arrow-down\"><\/div><div class=\"testimonial-author clearfix\"><div class=\"testimonial-author-thumbnail\"><img decoding=\"async\" src=\"https:\/\/deniscourtiade.fr\/wp-content\/uploads\/2020\/04\/rene-descartes-150x150.jpg\" alt=\"Descartes\" class=\"img-circle\"><\/div><p><strong>Descartes<\/strong><span><\/span><\/p><\/div><\/div><\/div>[\/vc_column][\/vc_row]<\/p>\n","protected":false},"excerpt":{"rendered":"<p>[vc_row wrap_container=&#8221;yes&#8221; el_class=&#8221;pb-5 overflow-hidden&#8221;][vc_column el_class=&#8221;mx-md-auto&#8221; animation_type=&#8221;maskUp&#8221;][vc_column_text css_animation=&#8221;none&#8221; el_class=&#8221;text-center&#8221;]Les trois leviers de l&#8217;\u00e9panouissement qui m\u00e8nent \u00e0 la r\u00e9ussite &#8230;[\/vc_column_text][\/vc_column][\/vc_row][vc_row wrap_container=&#8221;yes&#8221; is_section=&#8221;yes&#8221; remove_margin_top=&#8221;yes&#8221; remove_margin_bottom=&#8221;yes&#8221; remove_border=&#8221;yes&#8221; el_class=&#8221;p-t-xxl row-align-items-center&#8221;][vc_column offset=&#8221;vc_col-md-6&#8243; el_class=&#8221;pr-lg-5 mb-sm-5 mb-lg-0&#8243;][vc_custom_heading text=&#8221;Savoir&#8221; font_container=&#8221;tag:h2|font_size:25|text_align:left|line_height:1&#8243; use_theme_fonts=&#8221;yes&#8221; el_class=&#8221;mb-3&#8243;][vc_column_text] &#8230;savoir-faire, savoir \u00eatre, savoir \u00e9couter, savoir respecter, savoir donner, savoir se remettre en question&#8230;Tous ces savoirs et bien d&#8217;autres, sont les bases [&hellip;]<\/p>\n","protected":false},"author":1,"featured_media":0,"parent":0,"menu_order":0,"comment_status":"closed","ping_status":"closed","template":"","meta":{"footnotes":""},"_links":{"self":[{"href":"https:\/\/deniscourtiade.fr\/index.php\/wp-json\/wp\/v2\/pages\/2419"}],"collection":[{"href":"https:\/\/deniscourtiade.fr\/index.php\/wp-json\/wp\/v2\/pages"}],"about":[{"href":"https:\/\/deniscourtiade.fr\/index.php\/wp-json\/wp\/v2\/types\/page"}],"author":[{"embeddable":true,"href":"https:\/\/deniscourtiade.fr\/index.php\/wp-json\/wp\/v2\/users\/1"}],"replies":[{"embeddable":true,"href":"https:\/\/deniscourtiade.fr\/index.php\/wp-json\/wp\/v2\/comments?post=2419"}],"version-history":[{"count":40,"href":"https:\/\/deniscourtiade.fr\/index.php\/wp-json\/wp\/v2\/pages\/2419\/revisions"}],"predecessor-version":[{"id":2772,"href":"https:\/\/deniscourtiade.fr\/index.php\/wp-json\/wp\/v2\/pages\/2419\/revisions\/2772"}],"wp:attachment":[{"href":"https:\/\/deniscourtiade.fr\/index.php\/wp-json\/wp\/v2\/media?parent=2419"}],"curies":[{"name":"wp","href":"https:\/\/api.w.org\/{rel}","templated":true}]}}