{"id":2458,"date":"2020-04-02T15:55:00","date_gmt":"2020-04-02T13:55:00","guid":{"rendered":"https:\/\/deniscourtiade.fr\/?page_id=2458"},"modified":"2024-05-28T09:46:45","modified_gmt":"2024-05-28T07:46:45","slug":"mes-12-principes-fondamentaux","status":"publish","type":"page","link":"https:\/\/deniscourtiade.fr\/index.php\/mes-12-principes-fondamentaux\/","title":{"rendered":"Mes 12 principes fondamentaux"},"content":{"rendered":"<p>[vc_row wrap_container=&#8221;yes&#8221; is_section=&#8221;yes&#8221; section_skin=&#8221;primary&#8221; remove_margin_top=&#8221;yes&#8221; remove_margin_bottom=&#8221;yes&#8221; remove_border=&#8221;yes&#8221; css=&#8221;.vc_custom_1585901422764{padding-bottom: 15px !important;}&#8221;][vc_column width=&#8221;1\/4&#8243; section_skin=&#8221;secondary&#8221;]<div class=\"stats-block stats-top  \"><div class=\"porto-sicon-top\"><div id=\"porto-icon-121035093869e6c8b2dd74d\" class=\"porto-just-icon-wrapper\" style=\"text-align:center;\"><\/div><\/div><div class=\"stats-desc\"><div id=\"counter_48128932969e6c8b2dd7df\" data-id=\"counter_48128932969e6c8b2dd7df\" class=\"stats-number\" style=\" font-size:35px;line-height:35px;color:#ffffff;\" data-speed=\"3\" data-counter-value=\"12\" data-separator=\"none\" data-decimal=\".\">0<\/div><div class=\"stats-text\" style=\"font-size:16.8px;line-height:15px;color:rgba(255,255,255,0.5);\">Principes Fondamentaux<\/div><\/div><\/div>[\/vc_column][vc_column width=&#8221;1\/4&#8243;][\/vc_column][vc_column width=&#8221;1\/4&#8243;][\/vc_column][vc_column width=&#8221;1\/4&#8243;][\/vc_column][\/vc_row][vc_row css=&#8221;.vc_custom_1543849261012{background-color: #f7f7f7 !important;}&#8221;][vc_column parallax=&#8221;content-moving&#8221; parallax_image=&#8221;2615&#8243; parallax_speed_bg=&#8221;2&#8243; width=&#8221;1\/2&#8243; css=&#8221;.vc_custom_1585926263167{padding-top: 150px !important;padding-bottom: 150px !important;}&#8221;][\/vc_column][vc_column width=&#8221;1\/2&#8243; css=&#8221;.vc_custom_1543849481443{padding-top: 90px !important;padding-bottom: 60px !important;}&#8221; el_class=&#8221;col-half-section pl-3 pr-3 pl-md-5 pr-md-0&#8243;]<div class=\"porto-u-heading mb-1\" data-hspacer=\"no_spacer\" data-halign=\"left\" style=\"text-align:left\"data-appear-animation=\"maskUp\"><div class=\"porto-u-main-heading\"><h4 style=\"font-weight:700;\">L'hospitalit\u00e9<\/h4><\/div><\/div>[vc_column_text css_animation=&#8221;fadeInUp&#8221; el_class=&#8221;font-size-sm&#8221;]<\/p>\n<p style=\"text-align: justify;\">Pour exercer ma profession, il est int\u00e9ressant de savoir que l&#8217;\u00eatre humain n&#8217;est pas naturellement hospitalier. Il le devient par obligation quand la survie de l&#8217;Homme est en jeu, c&#8217;est ce que nous d\u00e9montrent les traditions Inuits ou Touar\u00e8gues <em>(dont le devoir est d\u2019offrir \u00e0 boire et \u00e0 manger au visiteur de passage sans m\u00eame savoir qui il est, et ce que sont ses intentions&#8230;simple question de vie et de survie)<\/em>. <strong>L&#8217;hospitalit\u00e9 est donc un devoir moral.<\/strong> En tentant de l&#8217;imposer comme un acte naturel, les religions l&#8217;ont tr\u00e8s bien compris. <em>\u00ab Dans l&#8217;Antiquit\u00e9, l&#8217;h\u00f4te qui survient est un bienfait des Dieux et, avant m\u00eame de lui demander qui il est, on lui offre un repas de f\u00eate \u00bb<\/em>\u2026 <em>\u00ab Le mendiant, \u00e0 qui l&#8217;on offre le couvert, est peut \u00eatre un Ange ou un Dieu d\u00e9guis\u00e9 ! \u00bb<\/em>.<\/p>\n<p>[\/vc_column_text][\/vc_column][\/vc_row][vc_row css=&#8221;.vc_custom_1543849261012{background-color: #f7f7f7 !important;}&#8221;][vc_column parallax=&#8221;content-moving&#8221; parallax_image=&#8221;2654&#8243; parallax_speed_bg=&#8221;2&#8243; width=&#8221;1\/2&#8243; css=&#8221;.vc_custom_1585926832865{padding-top: 150px !important;padding-bottom: 150px !important;}&#8221; el_class=&#8221;order-md-2&#8243;][\/vc_column][vc_column width=&#8221;1\/2&#8243; css=&#8221;.vc_custom_1543849756478{padding-top: 90px !important;padding-bottom: 60px !important;}&#8221;][vc_row_inner el_class=&#8221;col-half-section col-half-section-right no-padding&#8221;][vc_column_inner]<div class=\"porto-u-heading mb-1\" data-hspacer=\"no_spacer\" data-halign=\"left\" style=\"text-align:left\"data-appear-animation=\"maskUp\"><div class=\"porto-u-main-heading\"><h4 style=\"font-weight:700;\">L'h\u00f4te<\/h4><\/div><\/div>[vc_column_text css_animation=&#8221;fadeInUp&#8221; el_class=&#8221;font-size-sm&#8221; css=&#8221;.vc_custom_1590391024731{margin-right: 50px !important;}&#8221;]<\/p>\n<p style=\"text-align: justify;\">En latin et en grec, comme dans la plupart des langues, l&#8217;\u00e9tymologie du mot h\u00f4te signifie &#8211;<strong>celui qui re\u00e7oit<\/strong>&#8211; mais aussi &#8211;<strong>celui qui est re\u00e7u<\/strong>-. Donc, celui qui <em>offre<\/em> l&#8217;hospitalit\u00e9 et celui qui en <em>b\u00e9n\u00e9ficie<\/em> sont &#8220;\u00e9gaux&#8221;.<\/p>\n<p>[\/vc_column_text][\/vc_column_inner][\/vc_row_inner][\/vc_column][\/vc_row][vc_row css=&#8221;.vc_custom_1543849261012{background-color: #f7f7f7 !important;}&#8221;][vc_column parallax=&#8221;content-moving&#8221; parallax_image=&#8221;2624&#8243; parallax_speed_bg=&#8221;2&#8243; width=&#8221;1\/2&#8243; css=&#8221;.vc_custom_1585926848901{padding-top: 150px !important;padding-bottom: 150px !important;}&#8221;][\/vc_column][vc_column width=&#8221;1\/2&#8243; css=&#8221;.vc_custom_1543849481443{padding-top: 90px !important;padding-bottom: 60px !important;}&#8221; el_class=&#8221;col-half-section pl-3 pr-3 pl-md-5 pr-md-0&#8243;]<div class=\"porto-u-heading mb-1\" data-hspacer=\"no_spacer\" data-halign=\"left\" style=\"text-align:left\"data-appear-animation=\"maskUp\"><div class=\"porto-u-main-heading\"><h4 style=\"font-weight:700;\">L'art de recevoir<\/h4><\/div><\/div>[vc_column_text css_animation=&#8221;fadeInUp&#8221; el_class=&#8221;font-size-sm&#8221;]<\/p>\n<p style=\"text-align: justify;\">Est un \u00e9l\u00e9ment d\u00e9terminant de notre art de vivre. Il est la somme des savoir-faire que nous mettons en \u0153uvre pour faire ressentir, \u00e0 nos h\u00f4tes, <strong>des \u00e9motions sensorielles<\/strong> vari\u00e9es via les trois capteurs que sont : le C\u0152UR, le CORPS et la T\u00caTE. Stimuler les 5 sens de nos clients, en touchant simultan\u00e9ment les plans : \u00e9motionnel, physique et intellectuel m\u00e8ne au plaisir et \u00e0 l&#8217;excellence. Les souvenirs durables sont toujours associ\u00e9s \u00e0 une image, une rencontre, un moment, un lieu, un go\u00fbt, une odeur&#8230;<\/p>\n<p>[\/vc_column_text][\/vc_column][\/vc_row][vc_row css=&#8221;.vc_custom_1543849261012{background-color: #f7f7f7 !important;}&#8221;][vc_column parallax=&#8221;content-moving&#8221; parallax_image=&#8221;3479&#8243; parallax_speed_bg=&#8221;2&#8243; width=&#8221;1\/2&#8243; css=&#8221;.vc_custom_1588613008488{padding-top: 150px !important;padding-bottom: 150px !important;}&#8221; el_class=&#8221;order-md-2&#8243;][\/vc_column][vc_column width=&#8221;1\/2&#8243; css=&#8221;.vc_custom_1543849756478{padding-top: 90px !important;padding-bottom: 60px !important;}&#8221;][vc_row_inner el_class=&#8221;col-half-section col-half-section-right no-padding&#8221;][vc_column_inner]<div class=\"porto-u-heading mb-1\" data-hspacer=\"no_spacer\" data-halign=\"left\" style=\"text-align:left\"data-appear-animation=\"maskUp\"><div class=\"porto-u-main-heading\"><h4 style=\"font-weight:700;\">L'exp\u00e9rience et l'expertise<\/h4><\/div><\/div>[vc_column_text css_animation=&#8221;fadeInUp&#8221; el_class=&#8221;font-size-sm&#8221; css=&#8221;.vc_custom_1585909625376{margin-right: 50px !important;}&#8221;]<\/p>\n<p style=\"text-align: justify;\"><strong>L&#8217;exp\u00e9rience :<\/strong> <em>\u00ab Je ne sers ni \u00e0 gauche, ni \u00e0 droite, mais seulement et uniquement du bon c\u00f4t\u00e9 \u00bb.<\/em><br \/>\n<strong>L&#8217;expertise :<\/strong> <em>\u00ab Il faut pouvoir accepter que nous n&#8217;ayons pas tous la m\u00eame logique! \u00bb<\/em>[\/vc_column_text][\/vc_column_inner][\/vc_row_inner][\/vc_column][\/vc_row][vc_row css=&#8221;.vc_custom_1543849261012{background-color: #f7f7f7 !important;}&#8221;][vc_column parallax=&#8221;content-moving&#8221; parallax_image=&#8221;3551&#8243; parallax_speed_bg=&#8221;2&#8243; width=&#8221;1\/2&#8243; css=&#8221;.vc_custom_1590404984996{padding-top: 150px !important;padding-bottom: 150px !important;}&#8221;][\/vc_column][vc_column width=&#8221;1\/2&#8243; css=&#8221;.vc_custom_1543849481443{padding-top: 90px !important;padding-bottom: 60px !important;}&#8221; el_class=&#8221;col-half-section pl-3 pr-3 pl-md-5 pr-md-0&#8243;]<div class=\"porto-u-heading mb-1\" data-hspacer=\"no_spacer\" data-halign=\"left\" style=\"text-align:left\"data-appear-animation=\"maskUp\"><div class=\"porto-u-main-heading\"><h4 style=\"font-weight:700;\">L'enchantement<\/h4><\/div><\/div>[vc_column_text css_animation=&#8221;fadeInUp&#8221; el_class=&#8221;font-size-sm&#8221;]L&#8217;enchantement du client passe avant tout par l<strong>&#8216;enchantement<\/strong> du collaborateur.<\/p>\n<p><em>&#8220;La <strong>reconnaissance<\/strong> silencieuse ne sert \u00e0 personne&#8221;<\/em>[\/vc_column_text][\/vc_column][\/vc_row][vc_row css=&#8221;.vc_custom_1543849261012{background-color: #f7f7f7 !important;}&#8221;][vc_column parallax=&#8221;content-moving&#8221; parallax_image=&#8221;3037&#8243; parallax_speed_bg=&#8221;2&#8243; width=&#8221;1\/2&#8243; css=&#8221;.vc_custom_1590404578261{padding-top: 150px !important;padding-bottom: 150px !important;}&#8221; el_class=&#8221;order-md-2&#8243;][\/vc_column][vc_column width=&#8221;1\/2&#8243; css=&#8221;.vc_custom_1543849756478{padding-top: 90px !important;padding-bottom: 60px !important;}&#8221;][vc_row_inner el_class=&#8221;col-half-section col-half-section-right no-padding&#8221;][vc_column_inner]<div class=\"porto-u-heading mb-1\" data-hspacer=\"no_spacer\" data-halign=\"left\" style=\"text-align:left\"data-appear-animation=\"maskUp\"><div class=\"porto-u-main-heading\"><h4 style=\"font-weight:700;\">L'excellence<\/h4><\/div><\/div>[vc_column_text css_animation=&#8221;fadeInUp&#8221; el_class=&#8221;font-size-sm&#8221; css=&#8221;.vc_custom_1590391591136{margin-right: 50px !important;}&#8221;]<\/p>\n<p style=\"text-align: justify;\"><strong>Le travail est un sport.<\/strong> Pour qu&#8217;un tr\u00e8s grand sportif devienne le plus grand des <strong>champions<\/strong>, il doit s&#8217;entra\u00eener \u00e0 \u00eatre le meilleur physiquement, techniquement, tactiquement et psychologiquement.<\/p>\n<p>[\/vc_column_text][\/vc_column_inner][\/vc_row_inner][\/vc_column][\/vc_row][vc_row css=&#8221;.vc_custom_1543849261012{background-color: #f7f7f7 !important;}&#8221;][vc_column parallax=&#8221;content-moving&#8221; parallax_image=&#8221;3476&#8243; parallax_speed_bg=&#8221;2&#8243; width=&#8221;1\/2&#8243; css=&#8221;.vc_custom_1588610744369{padding-top: 150px !important;padding-bottom: 150px !important;}&#8221;][\/vc_column][vc_column width=&#8221;1\/2&#8243; css=&#8221;.vc_custom_1543849481443{padding-top: 90px !important;padding-bottom: 60px !important;}&#8221; el_class=&#8221;col-half-section pl-3 pr-3 pl-md-5 pr-md-0&#8243;]<div class=\"porto-u-heading mb-1\" data-hspacer=\"no_spacer\" data-halign=\"left\" style=\"text-align:left\"data-appear-animation=\"maskUp\"><div class=\"porto-u-main-heading\"><h4 style=\"font-weight:700;\">La d\u00e9ontologie professionnelle<\/h4><\/div><\/div>[vc_column_text css_animation=&#8221;fadeInUp&#8221; el_class=&#8221;font-size-sm&#8221;]<\/p>\n<p style=\"text-align: justify;\">Sans principes, sans r\u00e8gles, sans codes et sans \u00e9thique professionnelle, un Leader n&#8217;est pas un <strong>Guide<\/strong> !<\/p>\n<p>[\/vc_column_text][\/vc_column][\/vc_row][vc_row css=&#8221;.vc_custom_1543849261012{background-color: #f7f7f7 !important;}&#8221;][vc_column parallax=&#8221;content-moving&#8221; parallax_image=&#8221;9068&#8243; parallax_speed_bg=&#8221;2&#8243; width=&#8221;1\/2&#8243; css=&#8221;.vc_custom_1716882362881{padding-top: 150px !important;padding-bottom: 150px !important;}&#8221; el_class=&#8221;order-md-2&#8243;][\/vc_column][vc_column width=&#8221;1\/2&#8243; css=&#8221;.vc_custom_1543849756478{padding-top: 90px !important;padding-bottom: 60px !important;}&#8221;][vc_row_inner el_class=&#8221;col-half-section col-half-section-right no-padding&#8221;][vc_column_inner]<div class=\"porto-u-heading mb-1\" data-hspacer=\"no_spacer\" data-halign=\"left\" style=\"text-align:left\"data-appear-animation=\"maskUp\"><div class=\"porto-u-main-heading\"><h4 style=\"font-weight:700;\">\u00catre et para\u00eetre<\/h4><\/div><\/div>[vc_column_text css_animation=&#8221;fadeInUp&#8221; el_class=&#8221;font-size-sm&#8221; css=&#8221;.vc_custom_1590390780314{margin-right: 50px !important;}&#8221;]<\/p>\n<p style=\"text-align: justify;\"><em>\u00ab Sans travail assidu; r\u00e9ussite impossible \u00bb<\/em>. Il faut \u00eatre exemplaire, f\u00e9d\u00e9rateur et respectueux. Adopter une \u00ab positive attitude \u00bb, le + attire le +. Garder son optimisme, son sourire et sa bonne humeur. Avoir de l&#8217;humour <em>(oui je sais !).<\/em> Faire preuve d&#8217;\u00e9coute, d&#8217;empathie, de complicit\u00e9 et de tol\u00e9rance. Etre bienveillant et partager le succ\u00e8s. Rester motiv\u00e9, afin d&#8217;\u00eatre motivant. Tout au long de sa carri\u00e8re, <strong>un Manager doit \u00eatre endurant et inspirant.\u00a0<\/strong><\/p>\n<p>[\/vc_column_text][\/vc_column_inner][\/vc_row_inner][\/vc_column][\/vc_row][vc_row css=&#8221;.vc_custom_1543849261012{background-color: #f7f7f7 !important;}&#8221;][vc_column parallax=&#8221;content-moving&#8221; parallax_image=&#8221;3482&#8243; parallax_speed_bg=&#8221;2&#8243; width=&#8221;1\/2&#8243; css=&#8221;.vc_custom_1588613144155{padding-top: 150px !important;padding-bottom: 150px !important;}&#8221;][\/vc_column][vc_column width=&#8221;1\/2&#8243; css=&#8221;.vc_custom_1543849481443{padding-top: 90px !important;padding-bottom: 60px !important;}&#8221; el_class=&#8221;col-half-section pl-3 pr-3 pl-md-5 pr-md-0&#8243;]<div class=\"porto-u-heading mb-1\" data-hspacer=\"no_spacer\" data-halign=\"left\" style=\"text-align:left\"data-appear-animation=\"maskUp\"><div class=\"porto-u-main-heading\"><h4 style=\"font-weight:700;\">La loyaut\u00e9<\/h4><\/div><\/div>[vc_column_text css_animation=&#8221;fadeInUp&#8221; el_class=&#8221;font-size-sm&#8221;]<\/p>\n<p style=\"text-align: justify;\">Envers ses clients, son employeur et ses collaborateurs, c&#8217;est faire preuve de bonne foi, de d\u00e9vouement, de droiture, de fid\u00e9lit\u00e9, de franchise, de probit\u00e9, de sinc\u00e9rit\u00e9&#8230;<\/p>\n<p>[\/vc_column_text][\/vc_column][\/vc_row][vc_row css=&#8221;.vc_custom_1543849261012{background-color: #f7f7f7 !important;}&#8221;][vc_column parallax=&#8221;content-moving&#8221; parallax_image=&#8221;2573&#8243; parallax_speed_bg=&#8221;2&#8243; width=&#8221;1\/2&#8243; css=&#8221;.vc_custom_1585927085237{padding-top: 150px !important;padding-bottom: 150px !important;}&#8221; el_class=&#8221;order-md-2&#8243;][\/vc_column][vc_column width=&#8221;1\/2&#8243; css=&#8221;.vc_custom_1543849756478{padding-top: 90px !important;padding-bottom: 60px !important;}&#8221;][vc_row_inner el_class=&#8221;col-half-section col-half-section-right no-padding&#8221;][vc_column_inner]<div class=\"porto-u-heading mb-1\" data-hspacer=\"no_spacer\" data-halign=\"left\" style=\"text-align:left\"data-appear-animation=\"maskUp\"><div class=\"porto-u-main-heading\"><h4 style=\"font-weight:700;\">L'esprit d'\u00e9quipe<\/h4><\/div><\/div>[vc_column_text css_animation=&#8221;fadeInUp&#8221; el_class=&#8221;font-size-sm&#8221; css=&#8221;.vc_custom_1590403652802{margin-right: 50px !important;}&#8221;]<\/p>\n<p style=\"text-align: justify;\">Je le dis souvent : &#8220;<em>nous ne sommes pas une \u00e9quipe\u2026nous sommes un groupe d\u2019individualit\u00e9s qui \u0153uvrons en collectif &#8220;. <\/em><\/p>\n<p style=\"text-align: justify;\">Seul, un esprit d\u2019\u00e9quipe fort, peut nous r\u00e9unir pour atteindre nos objectifs !.<\/p>\n<p style=\"text-align: justify;\">Ma d\u00e9termination et mon <strong>esprit collectif<\/strong> poussent mes collaborateurs \u00e0 travailler <strong>ensemble<\/strong>. De ce fait, chacun d&#8217;entre eux est respect\u00e9 de par ses actions et reconnu dans sa plus grande diversit\u00e9.<\/p>\n<p>[\/vc_column_text][\/vc_column_inner][\/vc_row_inner][\/vc_column][\/vc_row][vc_row css=&#8221;.vc_custom_1543849261012{background-color: #f7f7f7 !important;}&#8221;][vc_column parallax=&#8221;content-moving&#8221; parallax_image=&#8221;3477&#8243; parallax_speed_bg=&#8221;2&#8243; width=&#8221;1\/2&#8243; css=&#8221;.vc_custom_1588610796116{padding-top: 150px !important;padding-bottom: 150px !important;}&#8221;][\/vc_column][vc_column width=&#8221;1\/2&#8243; css=&#8221;.vc_custom_1543849481443{padding-top: 90px !important;padding-bottom: 60px !important;}&#8221; el_class=&#8221;col-half-section pl-3 pr-3 pl-md-5 pr-md-0&#8243;]<div class=\"porto-u-heading mb-1\" data-hspacer=\"no_spacer\" data-halign=\"left\" style=\"text-align:left\"data-appear-animation=\"maskUp\"><div class=\"porto-u-main-heading\"><h4 style=\"font-weight:700;\">L'\u00e9quilibre<\/h4><\/div><\/div>[vc_column_text css_animation=&#8221;fadeInUp&#8221; el_class=&#8221;font-size-sm&#8221;]<\/p>\n<p style=\"text-align: justify;\">Le Manager est garant de l&#8217;\u00e9quilibre de son entreprise, du rythme dans le travail, du bien \u00eatre de ses h\u00f4tes, et de la motivation de ses collaborateurs. De part sa vigilance, il ajuste en permanence tous les param\u00e8tres utiles afin de maintenir le <strong>-fine tuning-<\/strong>. Ma mission est aussi de donner du sens \u00e0 mon quotidien professionnel en indiquant le chemin \u00e0 suivre, car le r\u00f4le du Manager est indissociable du r\u00f4le de Leader.<\/p>\n<p style=\"text-align: justify;\">La qu\u00eate de <strong>l&#8217;harmonie<\/strong> nous offre les moyens de chasser la confusion, de renforcer la confiance en soi et de nous \u00e9panouir.<\/p>\n<p>[\/vc_column_text][\/vc_column][\/vc_row][vc_row css=&#8221;.vc_custom_1543849261012{background-color: #f7f7f7 !important;}&#8221;][vc_column parallax=&#8221;content-moving&#8221; parallax_image=&#8221;2600&#8243; parallax_speed_bg=&#8221;2&#8243; width=&#8221;1\/2&#8243; css=&#8221;.vc_custom_1585927113405{padding-top: 150px !important;padding-bottom: 150px !important;}&#8221; el_class=&#8221;order-md-2&#8243;][\/vc_column][vc_column width=&#8221;1\/2&#8243; css=&#8221;.vc_custom_1543849756478{padding-top: 90px !important;padding-bottom: 60px !important;}&#8221;][vc_row_inner el_class=&#8221;col-half-section col-half-section-right no-padding&#8221;][vc_column_inner]<div class=\"porto-u-heading mb-1\" data-hspacer=\"no_spacer\" data-halign=\"left\" style=\"text-align:left\"data-appear-animation=\"maskUp\"><div class=\"porto-u-main-heading\"><h4 style=\"font-weight:700;\">La th\u00e9\u00e2tralisation<\/h4><\/div><\/div>[vc_column_text css_animation=&#8221;fadeInUp&#8221; el_class=&#8221;font-size-sm&#8221; css=&#8221;.vc_custom_1590403700325{margin-right: 50px !important;}&#8221;]<\/p>\n<p style=\"text-align: justify;\"><em>&#8230;de la Sc\u00e8ne \u00e0 la Salle&#8230;<\/em>\u00a0mon m\u00e9tier m&#8217;offre l&#8217;avantage d&#8217;\u00eatre acteur de mon quotidien professionnel ! En portant et partageant ma vision, je fais preuve d&#8217;innovation et de cr\u00e9ativit\u00e9 afin d&#8217;assurer la p\u00e9rennit\u00e9, la continuit\u00e9 et la transmission de mes connaissances. <strong>Transmettre est un devoir ! <\/strong><\/p>\n<p>[\/vc_column_text][\/vc_column_inner][\/vc_row_inner][\/vc_column][\/vc_row][vc_row wrap_container=&#8221;yes&#8221; css=&#8221;.vc_custom_1543850027422{padding-top: 90px !important;padding-bottom: 60px !important;}&#8221;][vc_column]<div class=\"porto-testimonial wpb_content_element \" data-appear-animation=\"fadeInRight\" data-appear-animation-delay=\"200\"><div class=\"testimonial testimonial-style-2 testimonial-with-quotes\"><blockquote class=\"testimonial-carousel\" style=\"color:#212529\"><p>C&#8217;est quand le client est parti que tout commence&#8230;<\/p><\/blockquote><a href=\"#\"><div class=\"testimonial-author\"><p><strong><\/strong><\/a><span><\/span><\/p><\/div><\/div><\/div>[\/vc_column][\/vc_row]<\/p>\n","protected":false},"excerpt":{"rendered":"<p>[vc_row wrap_container=&#8221;yes&#8221; is_section=&#8221;yes&#8221; section_skin=&#8221;primary&#8221; remove_margin_top=&#8221;yes&#8221; remove_margin_bottom=&#8221;yes&#8221; remove_border=&#8221;yes&#8221; css=&#8221;.vc_custom_1585901422764{padding-bottom: 15px !important;}&#8221;][vc_column width=&#8221;1\/4&#8243; section_skin=&#8221;secondary&#8221;][\/vc_column][vc_column width=&#8221;1\/4&#8243;][\/vc_column][vc_column width=&#8221;1\/4&#8243;][\/vc_column][vc_column width=&#8221;1\/4&#8243;][\/vc_column][\/vc_row][vc_row css=&#8221;.vc_custom_1543849261012{background-color: #f7f7f7 !important;}&#8221;][vc_column parallax=&#8221;content-moving&#8221; parallax_image=&#8221;2615&#8243; parallax_speed_bg=&#8221;2&#8243; width=&#8221;1\/2&#8243; css=&#8221;.vc_custom_1585926263167{padding-top: 150px !important;padding-bottom: 150px !important;}&#8221;][\/vc_column][vc_column width=&#8221;1\/2&#8243; css=&#8221;.vc_custom_1543849481443{padding-top: 90px !important;padding-bottom: 60px !important;}&#8221; el_class=&#8221;col-half-section pl-3 pr-3 pl-md-5 pr-md-0&#8243;][vc_column_text css_animation=&#8221;fadeInUp&#8221; el_class=&#8221;font-size-sm&#8221;] Pour exercer ma profession, il est int\u00e9ressant de savoir que l&#8217;\u00eatre humain n&#8217;est pas naturellement [&hellip;]<\/p>\n","protected":false},"author":1,"featured_media":0,"parent":0,"menu_order":0,"comment_status":"closed","ping_status":"closed","template":"","meta":{"footnotes":""},"_links":{"self":[{"href":"https:\/\/deniscourtiade.fr\/index.php\/wp-json\/wp\/v2\/pages\/2458"}],"collection":[{"href":"https:\/\/deniscourtiade.fr\/index.php\/wp-json\/wp\/v2\/pages"}],"about":[{"href":"https:\/\/deniscourtiade.fr\/index.php\/wp-json\/wp\/v2\/types\/page"}],"author":[{"embeddable":true,"href":"https:\/\/deniscourtiade.fr\/index.php\/wp-json\/wp\/v2\/users\/1"}],"replies":[{"embeddable":true,"href":"https:\/\/deniscourtiade.fr\/index.php\/wp-json\/wp\/v2\/comments?post=2458"}],"version-history":[{"count":39,"href":"https:\/\/deniscourtiade.fr\/index.php\/wp-json\/wp\/v2\/pages\/2458\/revisions"}],"predecessor-version":[{"id":9069,"href":"https:\/\/deniscourtiade.fr\/index.php\/wp-json\/wp\/v2\/pages\/2458\/revisions\/9069"}],"wp:attachment":[{"href":"https:\/\/deniscourtiade.fr\/index.php\/wp-json\/wp\/v2\/media?parent=2458"}],"curies":[{"name":"wp","href":"https:\/\/api.w.org\/{rel}","templated":true}]}}